 + g. Does 22 divide h?
False
Let p(s) = 7*s - 4. Suppose -8*j + 23 + 9 = 0. Is 19 a factor of p(j)?
False
Suppose 0 = -4*u - 5*d + 3, -1 = 4*u + 2*d - 19. Does 8 divide (-17 + u)*24/(-5)?
True
Suppose 0 = -w - 7 + 12. Suppose 231 = 4*h - w*z, -h - 2*z = -5*z - 63. Is 13 a factor of h?
False
Suppose b + 3*b = 824. Suppose -o = -0*o - b. Suppose 0 = -3*m + 2*y + o, y + 340 = 5*m - 4*y. Does 21 divide m?
False
Let v(b) = -4*b - 54. Let r(y) = -y - 18. Let u(h) = -7*r(h) + 2*v(h). Does 4 divide u(-6)?
True
Is (-1)/(-7 - (-1468)/210) a multiple of 35?
True
Suppose -5*c + 533 = -i, 5*i = c - 2*c + 117. Does 7 divide c?
False
Let s(v) = -42*v**2 + 77*v**2 - 2 - 36*v**2 - 3 + 15*v. Does 10 divide s(13)?
False
Suppose -4*k = -6*f + f + 5472, 2*f - 5*k - 2199 = 0. Is 52 a factor of f?
True
Let l be (-2)/(-8)*-2*-2. Suppose -5*r - 5*w - 5 = 0, 0*w = 5*r + w + l. Suppose -2*h + r*h = -68. Is 13 a factor of h?
False
Let o(m) = -14*m + 6 - 2 - 8. Is 4 a factor of o(-2)?
True
Suppose -3*f + 0*f = 0. Suppose f*n = -3*n. Suppose n = -4*r - 12, -3*l + 14 = r - 109. Does 14 divide l?
True
Let t = 133 - -633. Suppose 4*z = 5*s + t, 7*s = 4*s + 6. Is 14 a factor of z?
False
Suppose 0 = 6*g + 204 - 0. Is 19 a factor of 4 + 1 + -3 + (2 - g)?
True
Let v(x) = -2*x + 2*x**3 + 2*x**3 - 10*x**2 - 5*x**3 + 22. Let k(z) = z**2 + 14*z + 23. Let r be k(-11). Does 14 divide v(r)?
True
Let u be 60/(-42)*7/(-2). Let w be (7 + -5)/((-2)/u). Let h(x) = -x**3 - 5*x**2 - x + 5. Does 10 divide h(w)?
True
Let g = -20 - -1. Is (4 + -6 + g)*-1*3 a multiple of 21?
True
Suppose -l - 8 + 13 = 0. Let m = 120 - l. Does 28 divide m?
False
Suppose 3*v - 284 = -v. Suppose -v = 5*k + 174. Let m = k - -91. Is 12 a factor of m?
False
Does 3 divide ((-30)/(-40))/(-4*2/(-96))?
True
Suppose -3*g + 2976 = -2*h, -4*h = 11 + 1. Does 6 divide g?
True
Let g = 305 - 195. Let n = g - 47. Is n a multiple of 7?
True
Let z(t) = t - 3. Let a(g) = -4*g + 9. Let o(w) = 4*a(w) + 11*z(w). Let m be o(-3). Is (-83)/(-4) - m/24 a multiple of 10?
True
Let y(l) = 3*l + 123. Let o = 59 + -59. Is 41 a factor of y(o)?
True
Suppose p = -p - s - 6, 0 = -3*p + 3*s - 9. Let x be 2 - -1 - p/1. Is (-4)/(9/((-1161)/x)) a multiple of 23?
False
Let a be (-7*21/(-98))/(2/44). Suppose 0 = 2*m + 3*x - 63 - a, m - 55 = 2*x. Does 14 divide m?
False
Suppose -3*w - 5*y - 1163 + 2932 = 0, y + 5 = 0. Does 23 divide w?
True
Suppose -5*n = m + 77, -50 = 3*n - 3*m - 11. Is (2 - (-145)/n)/((-2)/6) a multiple of 16?
False
Let h(x) = -16*x. Let a = -5 + 15. Let q = a - 12. Is 10 a factor of h(q)?
False
Let s = -149 - -234. Let k = 16 + s. Does 17 divide k?
False
Let a = 1162 + -1113. Is 10 a factor of a?
False
Suppose 3*m - 3*o + 192 + 120 = 0, -5*o = 2*m + 243. Let c = m + 64. Is 27 a factor of 9*5/(c/(-39))?
False
Let v(u) = -3*u**2 + 51*u + 27. Does 5 divide v(16)?
True
Suppose 1080 = 25*b - 5*b. Is 49 a factor of b?
False
Let s = -127 - -90. Let m = s - -77. Is m a multiple of 12?
False
Suppose 0*d + 3*d = 15. Suppose d*v + 270 = 7*g - 2*g, -g + 42 = 5*v. Let j = g + -22. Does 30 divide j?
True
Suppose 0 = 55*r - 67*r + 22572. Is 33 a factor of r?
True
Suppose 2*z + 2*j = 6*j + 184, -5*j - 475 = -5*z. Is 7 a factor of z?
True
Suppose 2*l - 436 + 72 = 0. Does 13 divide l?
True
Let s(z) = -6*z - 6. Let h(v) = -v - 1. Let w(x) = 40*h(x) - 5*s(x). Let j = 10 + -15. Is 20 a factor of w(j)?
True
Does 14 divide 539 + (-2 - -7 - -2)?
True
Suppose -h + z - 9 = 4*z, z = h - 7. Suppose -h*f - 5*s + 8*s = -27, -6 = -f + 4*s. Is f a multiple of 6?
False
Suppose -24507 = 23*m - 151467. Is 12 a factor of m?
True
Let i(l) be the first derivative of -l**4/4 - 5*l**3 + 5*l**2/2 + 6*l - 3. Let y be i(-15). Let g = y - -101. Does 19 divide g?
False
Let t be 28/(-6) - 4/3. Let u be t/27 + (-816)/(-27). Let n = 66 - u. Does 12 divide n?
True
Does 13 divide (4 - -123 - -5)*(-6)/(-4)?
False
Suppose -67 = 5*i + 743. Let p = -68 - i. Suppose 0 = 2*y - p + 10. Is y a multiple of 14?
True
Suppose 0 = 9*m - 2610 - 1008. Suppose -12*n = -m + 102. Does 5 divide n?
True
Suppose 2*w + w = 5*r - 691, -r + 143 = w. Does 35 divide r?
True
Is 35 a factor of (-20)/2 + 12 + 3927?
False
Suppose s + 1 + 5 = 0. Let c = 143 + -126. Let x = s + c. Is x a multiple of 2?
False
Suppose 4*g - y - 4*y = 780, 5*y = -g + 220. Does 5 divide g?
True
Let v = -12 - -12. Let o = 4 + v. Suppose -q + 2*b = 6 - 58, -o*q = -b - 194. Is q a multiple of 26?
False
Is 4 - (-29 + -6 + -6) a multiple of 4?
False
Suppose 2*c - 6*c + 16 = 0. Suppose -z + f + 23 = z, -z = -3*f - c. Let q = z + 31. Is q a multiple of 11?
True
Let a(b) = b**3 + 8*b**2 + 6*b - 38. Let o(w) = -w**3 - 9*w**2 - 7*w + 39. Let q(x) = -6*a(x) - 5*o(x). Does 8 divide q(0)?
False
Suppose -4*s = -5*y - 31, 2*y - s + 10 = -0*y. Let w(n) = -6*n**2 - 3*n + 2. Let p be w(y). Let o = p + 95. Does 13 divide o?
True
Let g = -110 - -200. Suppose -5 = -w + 3. Suppose -3*y - g = -w*y. Is 18 a factor of y?
True
Suppose -o - 3*g = 25, 5*o + 4*g + 85 + 29 = 0. Let f be 2 + (-2 - -58) + 2. Let v = o + f. Is 12 a factor of v?
False
Let j(a) = a**3 + 2*a**2 - 10*a + 581. Is 12 a factor of j(0)?
False
Suppose 7*d - 973 = 203. Does 14 divide d?
True
Let g(s) = -s**3 - 13*s**2 + 13*s - 6. Suppose -5*u - i = -15, 4*i = 3*u + u - 12. Let w = -11 - u. Is g(w) even?
True
Suppose 0 = 2*o - 4*w + 30, -w = o - 2*w + 13. Let k = 26 + o. Is k a multiple of 15?
True
Let x = 0 + 7. Suppose -2*v = z - x, -v + 2*z + 3*z + 9 = 0. Suppose -v*l + b + 37 = 0, 4*l = b + 2*b + 47. Does 3 divide l?
False
Let h be 2/(-8) - (0 + 145/(-20)). Suppose -900 = -h*x + 388. Is 23 a factor of x?
True
Let z be 22/4 + (-11)/22. Let t(k) = -z*k + 24 - k + 7*k. Is t(10) a multiple of 27?
False
Let m(a) = 5*a + 119. Is m(0) a multiple of 7?
True
Suppose 6*g - 13466 = 1618. Is 27 a factor of g?
False
Does 15 divide (-6)/(-8) - 10251/(-12)?
True
Suppose 44*o - 41*o = 4251. Is o a multiple of 13?
True
Let k(i) = -5*i + 20. Let v be k(9). Let n = 50 + v. Is 4 a factor of n?
False
Let z be (-3)/18*-4*3. Suppose z*x + 9 - 27 = 0. Let w = 6 + x. Is 9 a factor of w?
False
Let a(d) = d**2 + 62*d - 552. Is a(-70) a multiple of 5?
False
Suppose 41 = -3*s - 5*m - 13, 0 = -5*s - 3*m - 74. Let r = 17 + s. Suppose 52 = -3*u + r*u. Is 13 a factor of u?
True
Let k(r) = -8*r. Let v(f) = f. Let n(m) = -k(m) - v(m). Let c be n(8). Suppose -s - 23 = -3*t + 81, -t - 5*s + c = 0. Is 12 a factor of t?
True
Let m = -617 + 1277. Is 12 a factor of m?
True
Suppose -3*g + 3*c - 4*c + 14 = 0, -c - 18 = -5*g. Let k(s) = -s**3 + 6*s**2 - 7*s + 7. Is 11 a factor of k(g)?
True
Let a be 628/24 - 1/6. Suppose 28*b - 336 = a*b. Is b a multiple of 42?
True
Suppose -2*l + 3 = -1. Suppose 1 = l*y + 5*f + 5, -y + 4*f + 11 = 0. Suppose 0 = -4*w + 2*b + 66, -w + 2*b = y - 15. Does 6 divide w?
True
Let r be (-6 + 3)/(1/3). Let c = r + 39. Is 10 a factor of c?
True
Does 23 divide (6*15/20)/(6/368)?
True
Suppose -5*n = 2*g - 864, -2*n + 4*g + 75 = -261. Is n a multiple of 43?
True
Is -7*(-35)/98*152 a multiple of 5?
True
Suppose -t = -5, -4*d - 5*t + 1841 = -0*d. Let m = d + -794. Is ((-6)/8)/(5/m) a multiple of 17?
True
Let v = 32 - -32. Let t = -7 + v. Does 14 divide t?
False
Let u(r) = 2*r - 9. Let j be u(6). Suppose 0 = 2*x - 0*x - 10, -3*v + 93 = -j*x. Is 2 + 1 + v/3 a multiple of 7?
False
Let b(o) = 2*o + 1. Let l be b(5). Let r be (1 - 9)*(l + -12). Let j = r - 3. Does 3 divide j?
False
Suppose -35 = z + 4*z + 5*h, 0 = 2*z - 2*h - 6. Let t be (26/65)/(z/(-10)). Suppose -t*b + 72 = 3*l, 5*l - 120 = b - 0*b. Is l a multiple of 10?
False
Let q(w) = 4*w**2 + 19*w + 74. Does 5 divide q(-9)?
False
Suppose -995 = -3*w + 673. Does 12 divide w?
False
Suppose -4*j + 884 = 4*i + i, 4*j + 700 = 4*i. Is 67 a factor of i?
False
Let t = 16 - 8. Suppose 2*s - t = 2. Suppose -3*z - 2*u + 3*u + 128 = 0, 148 = 3*z - s*u. Is 14 a factor of z?
False
Let q(g) = 29*g**2 + 13*g + 59. Does 16 divide q(-5)?
False
Let g(w) = 36*w**2 + w + 1. Suppose 5 = -n - 4*m, -2*m - 5 = 4*n - m. Does 9 divide g(n)?
True
Let z = -8 + 13. Suppose 2*v - v - z = 0. Suppose 3*i = -o + 65, -185 = -v*o + o + 3*i. Is 10 a factor of o?
True
Suppose 15 = -y + 122. Is y a multiple of 61?
False
Let c = 86 - 71. Let y = -4 + c. Is y a multiple of 6?
False
Let t(x) = 20*x. Le